t is the ten thousands digit of 3264539?
6
What is the hundreds digit of 11741195?
1
What is the tens digit of 1363072?
7
What is the thousands digit of 5503609?
3
What is the units digit of 13621666?
6
What is the tens digit of 86860?
6
What is the tens digit of 3015292?
9
What is the units digit of 1737174?
4
What is the hundred thousands digit of 35708487?
7
What is the thousands digit of 657390?
7
What is the hundred thousands digit of 4399082?
3
What is the hundred thousands digit of 24086400?
0
What is the thousands digit of 900193?
0
What is the hundred thousands digit of 994141?
9
What is the hundreds digit of 1253776?
7
What is the tens digit of 13765172?
7
What is the hundreds digit of 594173?
1
What is the hundreds digit of 71362?
3
What is the units digit of 972821?
1
What is the hundreds digit of 2400609?
6
What is the hundred thousands digit of 361768?
3
What is the tens digit of 3943932?
3
What is the tens digit of 25683690?
9
What is the ten thousands digit of 19284?
1
What is the hundreds digit of 1198765?
7
What is the hundred thousands digit of 9229188?
2
What is the tens digit of 1580888?
8
What is the units digit of 4598400?
0
What is the tens digit of 3285054?
5
What is the units digit of 324751?
1
What is the units digit of 344501?
1
What is the hundreds digit of 4758179?
1
What is the thousands digit of 7890893?
0
What is the millions digit of 15551029?
5
What is the millions digit of 10558270?
0
What is the millions digit of 13298042?
3
What is the tens digit of 277308?
0
What is the millions digit of 2587248?
2
What is the tens digit of 1335594?
9
What is the units digit of 2411142?
2
What is the thousands digit of 50534?
0
What is the hundred thousands digit of 614360?
6
What is the hundreds digit of 64619?
6
What is the hundreds digit of 2378672?
6
What is the hundreds digit of 92245?
2
What is the hundreds digit of 16282691?
6
What is the units digit of 522302?
2
What is the millions digit of 14248130?
4
What is the thousands digit of 11573283?
3
What is the hundred thousands digit of 3452038?
4
What is the units digit of 9482021?
1
What is the hundreds digit of 1528291?
2
What is the tens digit of 11882195?
9
What is the ten thousands digit of 878676?
7
What is the units digit of 619645?
5
What is the units digit of 14585178?
8
What is the ten thousands digit of 2781456?
8
What is the thousands digit of 675462?
5
What is the millions digit of 2678003?
2
What is the thousands digit of 258000?
8
What is the ten thousands digit of 197254?
9
What is the hundreds digit of 227903?
9
What is the tens digit of 1079757?
5
What is the hundred thousands digit of 579149?
5
What is the ten thousands digit of 243177?
4
What is the thousands digit of 4125007?
5
What is the tens digit of 11834913?
1
What is the units digit of 3093718?
8
What is the thousands digit of 7483512?
3
What is the tens digit of 194384?
8
What is the ten thousands digit of 237414?
3
What is the ten millions digit of 35993274?
3
What is the millions digit of 8972103?
8
What is the thousands digit of 229425?
9
What is the ten thousands digit of 1963386?
6
What is the thousands digit of 36478499?
8
What is the hundred thousands digit of 2110643?
1
What is the thousands digit of 19635?
9
What is the ten thousands digit of 7104381?
0
What is the hundred thousands digit of 7974264?
9
What is the hundred thousands digit of 4514738?
5
What is the thousands digit of 211934?
1
What is the tens digit of 61067?
6
What is the thousands digit of 63587?
3
What is the hundred thousands digit of 7990084?
9
What is the millions digit of 14458549?
4
What is the ten thousands digit of 1074593?
7
What is the hundreds digit of 2051830?
8
What is the hundred thousands digit of 177122?
1
What is the hundreds digit of 383554?
5
What is the units digit of 421995?
5
What is the thousands digit of 15149740?
9
What is the ten thousands digit of 36015491?
1
What is the thousands digit of 3067456?
7
What is the hundred thousands digit of 13705293?
7
What is the thousands digit of 529781?
9
What is the hundreds digit of 605771?
7
What is the hundreds digit of 25635?
6
What is the hundred thousands digit of 673225?
6
What is the hundreds digit of 4538157?
1
What is the thousands digit of 782294?
2
What is the ten millions digit of 14961465?
1
What is the thousands digit of 132011?
2
What is the ten thousands digit of 725024?
2
What is the hundreds digit of 431023?
0
What is the hundreds digit of 732825?
8
What is the tens digit of 1229783?
8
What is the units digit of 289764?
4
What is the tens digit of 22349610?
1
What is the thousands digit of 78641?
8
What is the millions digit of 2940369?
2
What is the hundred thousands digit of 8150014?
1
What is the hundred thousands digit of 903009?
9
What is the tens digit of 21935523?
2
What is the hundred thousands digit of 5916293?
9
What is the tens digit of 314301?
0
What is the hundred thousands digit of 653491?
6
What is the hundreds digit of 31680177?
1
What is the thousands digit of 645535?
5
What is the hundreds digit of 58890?
8
What is the hundred thousands digit of 1167958?
1
What is the hundreds digit of 408237?
2
What is the thousands digit of 15882269?
2
What is the units digit of 334680?
0
What is the units digit of 100306?
6
What is the hundreds digit of 169466?
4
What is the units digit of 5621053?
3
What is the ten millions digit of 17982021?
1
What is the thousands digit of 3128436?
8
What is the hundreds digit of 74467?
4
What is the units digit of 728943?
3
What is the ten thousands digit of 494684?
9
What is the millions digit of 2935425?
2
What is the ten thousands digit of 24146046?
4
What is the thousands digit of 116163?
6
What is the hundreds digit of 395647?
6
What is the ten thousands digit of 1261679?
6
What is the thousands digit of 1225423?
5
What is the units digit of 752516?
6
What is the tens digit of 3598630?
3
What is the tens digit of 6198653?
5
What is the hundred thousands digit of 8420874?
4
What is the units digit of 5324910?
0
What is the hundreds digit of 162518?
5
What is the thousands digit of 1631418?
1
What is the hundreds digit of 1119152?
1
What is the hundreds digit of 1264699?
6
What is the hundreds digit of 1059483?
4
What is the ten thousands digit of 68721?
6
What is the ten thousands digit of 348859?
4
What is the hundreds digit of 1141623?
6
What is the units digit of 180097?
7
What is the units digit of 5624469?
9
What is the hundreds digit of 309333?
3
What is the thousands digit of 1583543?
3
What is the ten thousands digit of 2535137?
3
What is the hundreds digit of 195608?
6
What is the thousands digit of 137236?
7
What is the units digit of 222616?
6
What is the units digit of 159041?
1
What is the hundred thousands digit of 247669?
2
What is the hundred thousands digit of 1460251?
4
What is the hundreds digit of 326501?
5
What is the tens digit of 15200009?
0
What is the hundred thousands digit of 695744?
6
What is the ten thousands digit of 2840649?
4
What is the tens digit of 487336?
3
What is the tens digit of 1663542?
4
What is the units digit of 39915895?
5
What is the thousands digit of 113916?
3
What is the units digit of 576449?
9
What is the millions digit of 5049544?
5
What is the thousands digit of 1169306?
9
What is the hundred thousands digit of 1603194?
6
What is the tens digit of 548805?
0
What is the hundred thousands digit of 12407120?
4
What is the hundreds digit of 1213019?
0
What is the thousands digit of 292241?
2
What is the tens digit of 8714488?
8
What is the hundred thousands digit of 1313912?
3
What is the ten thousands digit of 4919806?
1
What is the hundreds digit of 4174481?
4
What is the tens digit of 70716?
1
What is the ten thousands digit of 77074?
7
What is the units digit of 5001832?
2
What is the hundred thousands digit of 1779262?
7
What is the hundreds digit of 589630?
6
What is the tens digit of 445641?
4
What is the ten thousands digit of 329182?
2
What is the millions digit of 1688357?
1
What is the hundreds digit of 3152241?
2
What is the tens digit of 5677822?
2
What is the ten thousands digit of 186719?
8
What is the hundred thousands digit of 415792?
4
What is the ten thousands digit of 215623?
1
What is the units digit of 198394?
4